ue
Does 19 divide 45334?
True
Is 60 a factor of 5330?
False
Is 6134 a multiple of 25?
False
Is 18 a factor of 51213?
False
Does 14 divide 560?
True
Is 26160 a multiple of 13?
False
Is 68 a factor of 369?
False
Is 15902 a multiple of 65?
False
Is 9 a factor of 65449?
False
Does 49 divide 17248?
True
Is 1458 a multiple of 81?
True
Is 1116 a multiple of 9?
True
Is 5020 a multiple of 3?
False
Is 60 a factor of 1201?
False
Is 51 a factor of 7395?
True
Is 69 a multiple of 7?
False
Does 110 divide 1980?
True
Is 34697 a multiple of 17?
True
Is 46 a multiple of 9?
False
Does 38 divide 49889?
False
Is 9 a factor of 34?
False
Is 268 a multiple of 10?
False
Is 69 a factor of 1173?
True
Is 645 a multiple of 43?
True
Does 2 divide 1419?
False
Does 51 divide 926?
False
Does 6 divide 199?
False
Is 16 a factor of 512?
True
Is 45 a factor of 1035?
True
Is 5 a factor of 50?
True
Is 31 a factor of 992?
True
Does 11 divide 2077?
False
Is 23 a factor of 2894?
False
Does 81 divide 7797?
False
Does 60 divide 6526?
False
Is 480 a multiple of 12?
True
Is 15680 a multiple of 160?
True
Is 2722 a multiple of 57?
False
Is 264 a multiple of 12?
True
Does 12 divide 37022?
False
Does 13 divide 780?
True
Does 8 divide 393?
False
Is 18 a factor of 53658?
True
Is 564 a multiple of 12?
True
Is 31 a factor of 2883?
True
Is 56 a factor of 2555?
False
Does 32 divide 647?
False
Does 75 divide 32475?
True
Is 14 a factor of 266?
True
Does 13 divide 701?
False
Is 2403 a multiple of 89?
True
Is 791 a multiple of 12?
False
Is 12 a factor of 1212?
True
Is 6572 a multiple of 106?
True
Is 73 a factor of 1966?
False
Is 770 a multiple of 5?
True
Does 37 divide 34078?
False
Is 684 a multiple of 6?
True
Is 70824 a multiple of 13?
True
Is 76776 a multiple of 13?
False
Is 14 a factor of 799?
False
Does 8 divide 37916?
False
Is 3 a factor of 954?
True
Is 126 a factor of 3024?
True
Is 34400 a multiple of 200?
True
Is 844 a multiple of 7?
False
Is 3717 a multiple of 6?
False
Is 41 a factor of 36545?
False
Is 104 a factor of 20072?
True
Is 22 a factor of 3586?
True
Is 9 a factor of 4473?
True
Is 33 a multiple of 7?
False
Is 618 a multiple of 5?
False
Is 39815 a multiple of 16?
False
Does 42 divide 9821?
False
Is 5579 a multiple of 166?
False
Is 4 a factor of 1062?
False
Is 160 a multiple of 4?
True
Does 31 divide 566?
False
Is 65 a factor of 390?
True
Does 15 divide 9192?
False
Does 76 divide 2812?
True
Is 3 a factor of 150?
True
Does 274 divide 63294?
True
Does 6 divide 84?
True
Does 8 divide 103?
False
Does 8 divide 12128?
True
Does 12 divide 1077?
False
Is 32270 a multiple of 12?
False
Does 42 divide 673?
False
Does 15 divide 10405?
False
Is 30 a factor of 17316?
False
Is 28 a factor of 8540?
True
Is 20 a factor of 1515?
False
Is 30 a factor of 1497?
False
Is 304 a multiple of 6?
False
Does 246 divide 57257?
False
Does 47 divide 15059?
False
Is 73727 a multiple of 20?
False
Is 30 a factor of 10950?
True
Does 19 divide 19832?
False
Does 10 divide 480?
True
Is 392 a multiple of 14?
True
Is 3 a factor of 168?
True
Is 1091 a multiple of 19?
False
Is 60 a factor of 10740?
True
Does 52 divide 416?
True
Does 187 divide 73916?
False
Does 38 divide 4028?
True
Is 211156 a multiple of 11?
True
Does 36 divide 583?
False
Does 13 divide 5251?
False
Does 11 divide 250?
False
Does 12 divide 2004?
True
Is 27 a factor of 6561?
True
Is 2523 a multiple of 29?
True
Is 1845 a multiple of 45?
True
Does 75 divide 158175?
True
Does 215 divide 17264?
False
Is 728 a multiple of 7?
True
Is 4935 a multiple of 12?
False
Is 42 a factor of 76614?
False
Is 121737 a multiple of 561?
True
Is 148 a factor of 37740?
True
Is 3 a factor of 7182?
True
Does 5 divide 642?
False
Is 4450 a multiple of 8?
False
Is 158 a factor of 25213?
False
Is 9766 a multiple of 11?
False
Does 10 divide 17380?
True
Is 1378 a multiple of 2?
True
Is 3784 a multiple of 13?
False
Is 17 a factor of 51?
True
Is 15 a factor of 2145?
True
Does 29 divide 209?
False
Is 16 a factor of 5456?
True
Is 1148 a multiple of 41?
True
Is 26 a factor of 5480?
False
Does 18 divide 1494?
True
Is 65 a factor of 15795?
True
Does 8 divide 5488?
True
Is 682 a multiple of 11?
True
Does 20 divide 2160?
True
Is 28084 a multiple of 413?
True
Is 56 a factor of 3808?
True
Does 3 divide 607?
False
Is 480 a multiple of 6?
True
Does 4 divide 124?
True
Does 3 divide 465?
True
Is 46 a factor of 2622?
True
Does 24 divide 22392?
True
Is 141 a factor of 42957?
False
Is 37 a factor of 407?
True
Is 4386 a multiple of 43?
True
Is 956 a multiple of 67?
False
Does 8 divide 64?
True
Is 101 a multiple of 6?
False
Is 5 a factor of 1549?
False
Is 34 a factor of 46444?
True
Is 2690 a multiple of 41?
False
Is 1740 a multiple of 87?
True
Is 14303 a multiple of 26?
False
Is 9 a factor of 239?
False
Is 71 a factor of 1633?
True
Does 56 divide 560?
True
Is 390 a multiple of 39?
True
Does 52 divide 9867?
False
Is 5046 a multiple of 58?
True
Does 16 divide 11063?
False
Does 67 divide 6901?
True
Does 6 divide 216?
True
Is 2893 a multiple of 49?
False
Is 5 a factor of 6125?
True
Does 49 divide 1399?
False
Is 56981 a multiple of 7?
False
Is 5124 a multiple of 61?
True
Is 93 a factor of 2325?
True
Is 2747 a multiple of 12?
False
Does 31 divide 544?
False
Is 21 a factor of 17365?
False
Is 1865 a multiple of 11?
False
Is 9099 a multiple of 99?
False
Is 29155 a multiple of 42?
False
Is 2244 a multiple of 29?
False
Is 22 a factor of 660?
True
Is 27 a factor of 344?
False
Does 2 divide 108?
True
Does 10 divide 201?
False
Is 28 a factor of 7594?
False
Is 682 a multiple of 42?
False
Does 12 divide 124624?
False
Does 12 divide 1341?
False
Is 500 a multiple of 9?
False
Is 13 a factor of 2027?
False
Does 14 divide 7189?
False
Is 48 a factor of 4416?
True
Does 45 divide 315?
True
Does 154 divide 9592?
False
Is 203 a multiple of 12?
False
Does 22 divide 1509?
False
Is 6 a factor of 684?
True
Is 101981 a multiple of 38?
False
Is 14 a factor of 30517?
False
Is 93941 a multiple of 30?
False
Is 12144 a multiple of 48?
True
Is 114 even?
True
Is 8479 a multiple of 20?
False
Is 50 a factor of 2334?
False
Is 25 a factor of 2500?
True
Is 351 a multiple of 117?
True
Does 18 divide 666?
True
Is 44 a factor of 4092?
True
Is 1240 a multiple of 20?
True
Is 25252 a multiple of 191?
False
Does 24 divide 36184?
False
Does 81 divide 243?
True
Is 20 a factor of 2260?
True
Is 68 a factor of 86496?
True
Does 8 divide 818?
False
Does 13 divide 273?
True
Is 4 a factor of 17210?
False
Is 1534 a multiple of 5?
False
Is 1334 a multiple of 58?
True
Is 8881 a multiple of 91?
False
Is 4626 a multiple of 16?
False
Is 920 a multiple of 40?
True
Does 27 divide 20061?
True
Is 2 a factor of 2509?
False
Is 26871 a multiple of 13?
True
Does 167 divide 13026?
True
Is 8 a factor of 208?
True
Is 2 a factor of 98?
True
Is 145823 a multiple of 132?
False
Is 772 a multiple of 22?
False
Is 12 a factor of 32605?
False
Does 22 divide 12716?
True
Is 14 a factor of 1694?
True
Is 41514 a multiple of 33?
True
Is 205 a multiple of 2?
False
Is 292 a multiple of 4?
True
Is 111 a factor of 1554?
True
Does 5 divide 595?
True
Is 2892 a multiple of 12?
True
Does 15 divide 510?
True
Is 8910 a multiple of 90?
True
Is 5 a factor of 727?
False
Is 3 a factor of 29931?
True
Does 48 divide 492?
False
Is 261 a factor of 46872?
False
Is 388 a multiple of 22?
False
Is 9082 a multiple of 38?
True
Is 7 a factor of 3654?
True
Does 8 divide 26216?
True
Does 72 divide 36720?
True
Does 75 divide 4871?
False
Is 720 a multiple of 39?
False
Is 10 a factor of 5283?
False
Does 4 divide 316?
True
Is 106158 a multiple of 13?
True
Is 65 a factor of 12407?
False
Does 7 divide 532?
True
Does 59 divide 56876?
True
Is 130 a factor of 24318?
False
Does 43 divide 17096?
False
Is 33 a factor of 144?
False
Is 6 a factor of 10200?
True
Is 14174 a multiple of 373?
True
Is 31 a factor of 1581?
True
Is 188 a factor of 36284?
True
Does 16 divide 1286?
False
Does 85 divide 30193?
False
Is 992 a multiple of 16?
True
Is 41 a factor of 820?
True
Is 60 a factor of 37196?
False
Is 1882 a multiple of 32?
False
Is 10846 a multiple of 101?
False
Is 10 a factor of 946?
False
Is 7 a factor of 161?
True
Is 18 a factor of 5998?
False
Is 4991 a multiple of 27?
False
Does 3 divide 6309?
True
Does 70 divide 15329?
False
Is 1708 a m